s - 22. Determine g(-17).
-5
Let w(v) = v**3 + 18*v**2 + 17*v + 7. Determine w(-17).
7
Let h(z) = -z**3 - 23*z**2 + 79*z + 24. Give h(-26).
-2
Let t(b) = -b**3 + 6*b**2 - 5*b + 5. What is t(5)?
5
Let p(k) = 3*k**2 + 11*k + 8. What is p(-8)?
112
Let a(n) = -5*n - 33. Give a(-8).
7
Let p(m) = -5*m - 39. What is p(-15)?
36
Let a(h) = h**2 + 8*h + 12. Calculate a(-3).
-3
Let c(s) = s**3 + 6*s**2 + 3*s - 8. What is c(-5)?
2
Let z(y) = y**3 - 53*y**2 + 104*y - 105. Determine z(51).
-3
Let a(d) = -10*d + 55. Calculate a(4).
15
Let f(c) = c**3 + 17*c**2 + 43*c + 18. Determine f(-14).
4
Let i(c) = 5*c - 58. Calculate i(10).
-8
Let r(d) = -d**2 - 12*d - 39. Determine r(-6).
-3
Let d(o) = -4*o - 39. What is d(-14)?
17
Let j(k) = -k**3 + 12*k**2 - 3*k + 39. Give j(12).
3
Let z(d) = 3*d**2 + 29*d + 12. Give z(-8).
-28
Let v(b) = b**2 + b - 5. Give v(2).
1
Let i(p) = -3*p + 92. What is i(33)?
-7
Let i(t) = -t**3 + 8*t**2 - 12*t + 110. Give i(8).
14
Let o(c) = -c**3 + c**2 - 3*c + 13. Calculate o(2).
3
Let b(f) = f**3 - 15*f**2 - f + 11. What is b(15)?
-4
Let m(g) = 6*g. What is m(2)?
12
Let k(y) = -9*y + 20. Give k(0).
20
Let b(w) = -3*w - 42. Calculate b(-16).
6
Let h(c) = c**3 + 7*c**2 + 8*c + 10. Give h(-6).
-2
Let y(b) = b**2 + 20*b + 19. Determine y(-19).
0
Let g(y) = 3*y**2 - 2*y + 4. Calculate g(-2).
20
Let d(p) = -5*p + 20. Give d(18).
-70
Let b(l) = 2*l**2 + 10*l + 7. Determine b(-5).
7
Let o(v) = -2*v**2 - 5*v + 4. What is o(-4)?
-8
Let q(f) = -f**2 + 7*f - 15. Calculate q(5).
-5
Let w(b) = 28*b**3 + 2*b**2 - b. Determine w(1).
29
Let d(c) = -c + 9. Determine d(8).
1
Let d(u) = u**2 + 68*u + 1076. Give d(-25).
1
Let o(a) = a**2 - 13. Calculate o(0).
-13
Let r(h) = 32*h + 58. What is r(-2)?
-6
Let r(h) = 44*h + 141. Determine r(-4).
-35
Let u(z) = z**2 - 11*z + 6. Give u(4).
-22
Let l(s) = s**2 + 9*s - 15. Calculate l(-10).
-5
Let t(j) = j**2 + 34*j + 190. Calculate t(-7).
1
Let h(v) = 4*v + 16. Determine h(-8).
-16
Let m(y) = -y**3 - 8*y**2 - 3*y + 9. Give m(-5).
-51
Let y(o) = 7*o + 23. Determine y(-5).
-12
Let a(d) = d - 19. Give a(21).
2
Let m(t) = 2*t + 7. Determine m(6).
19
Let u(k) = 8*k**2 + 138*k + 39. Determine u(-17).
5
Let w(v) = v**3 - 16*v**2 + 14*v - 5. What is w(15)?
-20
Let f(v) = -v**2 + 4*v + 12. Give f(5).
7
Let d(a) = -a + 10. What is d(14)?
-4
Let c(r) = 2*r**2 - 16*r + 37. Calculate c(5).
7
Let t(j) = j**3 + 3*j**2 + 11*j + 8. What is t(-4)?
-52
Let v(m) = -142*m + 1. Determine v(1).
-141
Let b(l) = -4*l + 14. Determine b(-6).
38
Let v(u) = u**2 - 4*u + 28. What is v(0)?
28
Let l(z) = -16*z + 37. Determine l(3).
-11
Let x(j) = -j**3 + 7*j**2 - 8*j - 9. Give x(5).
1
Let v(y) = 37*y - 152. What is v(4)?
-4
Let o(l) = -l**3 - 18*l**2 - 17*l - 8. What is o(-17)?
-8
Let a(x) = 3*x**2 - 5*x + 3. Determine a(3).
15
Let t(f) = 6*f + 3. Calculate t(3).
21
Let j(y) = -y**2 - 5*y - 7. Calculate j(-4).
-3
Let m(c) = -2*c - 10. What is m(7)?
-24
Let q(c) = -c**3 - 29*c**2 - 153*c + 25. Determine q(-22).
3
Let x(t) = -3*t - 15. Determine x(-10).
15
Let r(z) = 2*z - 11. Determine r(7).
3
Let y(g) = -g**2 + 25*g + 21. Determine y(0).
21
Let s(g) = 2*g**2 + 4*g + 1. Give s(4).
49
Let c(d) = 9*d**2 - 2*d + 3. Give c(2).
35
Let c(f) = 5*f. Determine c(-5).
-25
Let w(u) = u**2 + 14*u + 30. What is w(-10)?
-10
Let p(f) = -f**2 + f + 13. Determine p(4).
1
Let t(r) = -r**3 + 3*r**2 - 3*r + 2. What is t(3)?
-7
Let g(q) = -q**3 + 3*q**2 + q - 3. Calculate g(3).
0
Let q(u) = -u + 7. Calculate q(6).
1
Let m(o) = -2*o**3 - 6*o**2 + 5. What is m(-4)?
37
Let p(d) = 55*d - 2635. Give p(48).
5
Let r(l) = l**2 - 5*l + 4. What is r(6)?
10
Let l(z) = z**3 - 29*z**2 + z - 33. What is l(29)?
-4
Let q(l) = -51*l**3 + l**2 - 2*l + 1. Calculate q(1).
-51
Let x(f) = -7*f - 3. Calculate x(-3).
18
Let j(g) = 3*g**2 + 51*g - 57. Determine j(-18).
-3
Let z(s) = -s**3 + 38*s**2 - s + 44. Determine z(38).
6
Let v(p) = 6*p + 1. What is v(3)?
19
Let m(o) = -9*o - 10. Give m(-2).
8
Let z(c) = -c**3 - 7*c**2 - 12*c - 10. Give z(-2).
-6
Let a(b) = 2*b + 36. Determine a(-4).
28
Let q(p) = -5*p**3 - 31*p**2 - 5*p - 9. Give q(-6).
-15
Let w(t) = -3*t**2 - 15*t - 19. Determine w(-2).
-1
Let w(p) = p**3 + 6*p**2 + 2*p + 13. What is w(-6)?
1
Let y(s) = s**2 + 3*s + 8. Calculate y(-3).
8
Let v(y) = y**3 - 9*y**2 - 4*y - 24. Determine v(10).
36
Let a(o) = -2*o**2 + 7*o. Determine a(4).
-4
Let d(w) = -w - 12. Give d(-5).
-7
Let j(q) = -8*q + 90. Give j(9).
18
Let w(s) = -s**3 - 3*s**2 + 2*s + 4. What is w(-5)?
44
Let h(c) = -c**2 + 29*c - 177. Determine h(19).
13
Let u(a) = a**3 - 12*a**2 - 21*a - 12. Calculate u(13).
-116
Let p(j) = -j + 26. Give p(19).
7
Let z(o) = o**2 + 26*o + 148. What is z(-9)?
-5
Let v(g) = g**3 + 4*g**2 - 6*g - 22. Determine v(-4).
2
Let t(s) = -2*s**2 - 3*s + 2. What is t(2)?
-12
Let l(u) = u**2 - 4*u + 4. Calculate l(4).
4
Let u(o) = 11*o - 181. What is u(16)?
-5
Let h(n) = -n**2 - 3*n + 18. Give h(-6).
0
Let m(s) = 2*s - 18. Calculate m(8).
-2
Let a(q) = q**3 + 15*q**2 - 15. Calculate a(-15).
-15
Let v(g) = -g**2 - 29*g - 209. Calculate v(-17).
-5
Let t(x) = -5*x + 25. Give t(10).
-25
Let n(v) = 5*v - 98. Determine n(12).
-38
Let a(r) = -8*r**2 - 5*r + 9. Determine a(0).
9
Let d(t) = -t**3 - 8*t**2 - 9*t - 2. Determine d(-5).
-32
Let a(u) = 5*u - 20. Give a(3).
-5
Let n(f) = -f**2 + 5*f + 8. Determine n(6).
2
Let d(f) = 24*f - 211. Determine d(10).
29
Let h(x) = -2*x**3 + 4*x**2 - 3*x - 1. Calculate h(3).
-28
Let v(p) = -p - 24. Determine v(-10).
-14
Let w(a) = 31*a + 343. Determine w(-11).
2
Let f(m) = -11*m**2 + 5*m - 3. What is f(1)?
-9
Let x(j) = 2*j**2 - 6*j - 35. Calculate x(7).
21
Let r(w) = 2*w + 1. Determine r(-2).
-3
Let x(a) = a**3 - 6*a**2 + a + 4. Calculate x(3).
-20
Let y(b) = -4*b + 45. Determine y(10).
5
Let j(d) = d + 5. Calculate j(7).
12
Let v(s) = -3*s + 12. What is v(5)?
-3
Let n(y) = 2*y**2 + 20*y + 10. Calculate n(-6).
-38
Let w(b) = b**3 - 9*b**2 + 9. Determine w(8).
-55
Let d(t) = t**2 - 14*t + 15. Calculate d(10).
-25
Let y(x) = -6*x**3 + 3*x**2 + 20*x - 22. Determine y(1).
-5
Let a(r) = -r**3 + 8*r**2 - 13*r - 3. Give a(6).
-9
Let m(x) = x - 41. Give m(19).
-22
Let p(d) = d**3 + 18*d**2 + 21*d + 18. Determine p(-17).
-50
Let c(v) = -8*v**2 + 14*v + 11. Give c(-1).
-11
Let p(x) = 17*x - 44. Give p(3).
7
Let k(w) = -w**3 - 5*w**2 + 4*w - 10. Give k(-6).
2
Let i(k) = -29*k - 84. Give i(-3).
3
Let q(j) = -j**2 + 19*j - 17. Determine q(18).
1
Let l(f) = f**2 - 14*f + 40. Determine l(8).
-8
Let x(n) = -n**2 - n - 4. What is x(-6)?
-34
Let i(n) = n**3 - 15*n**2 + 22*n + 46. Calculate i(13).
-6
Let p(t) = t**3 + 19*t**2 - 93*t - 24. Calculate p(-23).
-1
Let t(i) = -6*i**2 - i + 2. What is t(-2)?
-20
Let d(r) = -r - 2. Determine d(16).
-18
Let w(x) = x**2 - 13*x - 3. What is w(11)?
-25
Let c(g) = 3*g + 22. Determine c(11).
55
Let s(x) = -x**2 + 5*x + 20. Give s(-4).
-16
Let r(z) = 14*z + 58. Determine r(-11).
-96
Let r(l) = -l**3 - 8*l**2 - l - 5. Determine r(-8).
3
Let c(s) = s**3 + s**2 + s - 6. Give c(0).
-6
Let l(x) = 3*x - 15. What is l(7)?
6
Let p(n) = -2*n**2 + 5*n + 2. Determine p(6).
-40
Let u(g) = -g**3 + 11*g**2 - 20*g - 22. What is u(8)?
10
Let p(a) = -6*a**2 + 10*a + 4. What is p(2)?
0
Let y(d) = d + 69. What is y(-24)?
45
Let b(q) = -q**3 - 10*q**2 - 12*q + 12. Calculate b(-10).
132
Let f(y) = -y**2 + 2*y + 7. What is f(6)?
-17
Let i(a) = a**2 + 13*a - 1. Calculate i(-14).
13
Let j(y) = 7*y + 131. Determine j(-19).
-2
Let a(y) = 17*y + 53. Calculate a(-6).
-49
Let t(h) = h - 3. What is t(1)?
-2
Let k(a) = -5*a**2 + 12*a - 2. Determine k(1).
5
Let h(i) = i**3 + 6*i**2 - 10*i - 3. Calculate h(-8).
-51
Let h(b) = 7*b**3 - 2*b**2 - 7*b + 2. Calculate h(-3).
-184
Let p(f) = 2*f**2 + 43*f + 28. Give p(-21).
7
Let b(x) = -2*x + 12. Calculate b(10).
-8
Let c(r) = 47*r + 6. What is c(-3)?
-135
Let p(x) = -x**2 - 39*x - 49. Give p(-38).
-11
Let m(c) = -c**2 - 2*c + 76. Give m(-9).
13
Let l(i) = -14*i**3 + 2*i**2 + 3*i + 2. Calculate l(-1).
15
Let t(m) = m**2 - 11*m - 9. What is t(12)?
3
Let r(v) = v**2 + 6*v - 8. Determine r(-8).
8
Let o(i) = 9*i + 2. Calculate o(-3).
-25
Let r(o) = 2*o - 25. Calculate r(-2).
-29
Let b(a) = -a + 14. What is b(7)?
7
Let q(s) = -4*s**2 - 17*s + 5. What is q(1)?
-16
Let z(s) = 7*s + 361. Calculate z(-